{"id":2769,"date":"2022-11-25T17:59:26","date_gmt":"2022-11-25T16:59:26","guid":{"rendered":"https:\/\/douchesensation.com\/deutsch\/?post_type=product&#038;p=2769"},"modified":"2025-07-27T09:19:33","modified_gmt":"2025-07-27T07:19:33","slug":"pina-colada-handgemachtes-duftendes-zucker-koerperpeeling-mit-shea-butter-vegan-1-stueck","status":"publish","type":"product","link":"https:\/\/douchesensation.com\/deutsch\/produkt\/pina-colada-handgemachtes-duftendes-zucker-koerperpeeling-mit-shea-butter-vegan-1-stueck\/","title":{"rendered":"<b>Pi\u00f1a Colada 300gr<\/b> Handgemachtes, duftendes  Zucker-K\u00f6rperpeeling mit Shea-Butter, Vegan, 1 St\u00fcck"},"content":{"rendered":"<p><strong>Zucker-K\u00f6rperpeeling Pi\u00f1a Colada mit pflegendem Shea-Butter und fruchtigem Aromatherapie-Effekt<\/strong><\/p>\n<p><strong>Duft: PI\u00d1A COLADA (verf\u00fchrerisch) &#8211; cremiger Sinnesrausch<\/strong><\/p>\n<h3 class=\"h2-druk-bold-40\" role=\"heading\" aria-level=\"2\" aria-label=\"SafeValue must use [property]=binding: Die Geschichte des Peelings (see http:\/\/g.co\/ng\/security#xss)\">WAS SCHON DIE \u00c4GYPTER UND DIE GRIECHEN WUSSTEN<\/h3>\n<div>\n<div class=\"amp-dc-banner__body\">\n<p>Zucker-K\u00f6rperpeelings sind keine Erfindung der Neuzeit. Nein, ganz im Gegenteil. Auch vor tausenden Jahren waren Sch\u00f6nheitsgeheimnisse schon en vogue, um die Haut geschmeidig zu pflegen und negativen Einfl\u00fcssen wie K\u00e4lte, Hitze, dem tragen von Kleidung etc. vorzubeugen.<\/p>\n<p>G\u00f6nnen Sie sich den kleinen Luxus und verf\u00fchren Sie Ihre Sinne mit unseren handgemachten K\u00f6rperpeelings mit hochwertigen Parf\u00fcm\u00f6len und pflegendem Shea-Butter.<\/p>\n<\/div>\n<\/div>\n<h3 class=\"h2-druk-bold-40\" role=\"heading\" aria-level=\"2\" aria-label=\"SafeValue must use [property]=binding: Was ist ein Body Scrub? (see http:\/\/g.co\/ng\/security#xss)\">WARUM UND WOZU EIN ZUCKER-K\u00d6RPERPEELING?<\/h3>\n<div>\n<div class=\"amp-dc-banner__body\">\n<p>Bei unserem Produkt handelt es sich um eine k\u00f6rnige Textur auf Zuckerbasis, gemischt mit wohltuendem Shea-Butter und handverlesenen Parf\u00fcm\u00f6len f\u00fcr viel sinnlichen Genuss. Es ist leicht aufzutragen und beseitigt im Nu, abgestorbene Hautzellen. Das Ergebnis ist eine geschmeidige Haut und eine bessere Durchblutung.<\/p>\n<p>Das Zucker-K\u00f6rperpeeling Pi\u00f1a Colada kann sogar eingewachsenen Haaren vorbeugen, da die Poren gr\u00fcndlich gereinigt werden. Abgestorbene Hautzellen k\u00f6nnen beim Entfernen von Haaren (Rasur und\/oder Wachs) die Haarwurzeln (Folliken) verstopfen. Peelings unterst\u00fctzen die Pflege und k\u00f6nnen dies wirkungsvoll verhindern.<\/p>\n<p>Nach einem herrlichen Peeling f\u00fchlen Frau und Mann sich herrlich gepflegt. Das Hautbild sieht ebenm\u00e4\u00dfiger aus und f\u00fchlt sich glatter und weicher an.<\/p>\n<p>Und nicht zuletzt ist ein Peeling eine wohltuende SPA-Behandlung im eigenen Bad, die K\u00f6rper, Geist und Seele balanciert.<\/p>\n<\/div>\n<\/div>\n<h3 class=\"h2-druk-bold-40\" role=\"heading\" aria-level=\"2\" aria-label=\"SafeValue must use [property]=binding: Was ist ein Body Scrub? (see http:\/\/g.co\/ng\/security#xss)\">WELCHES PEELING PASST ZU MIR?<\/h3>\n<div>\n<div class=\"amp-dc-banner__body\">\n<div>\n<div class=\"amp-dc-banner__body\"><span style=\"font-weight: inherit;\">Unser Zucker-K\u00f6rperpeeling Pi\u00f1a Colada ist ein mildes Produkt, welches sich f\u00fcr jeden Hauttyp eignet. Durch das zugef\u00fcgte Shea-Butter f\u00fchlt sich die Haut angenehm befeuchtet und weich an. Gerade an Stellen, wo die Haut rau ist, wie zum Beispiel Ellenbogen, H\u00e4nde, F\u00fc\u00dfe und insbesondere Fersen ist ein sanftes Peeling eine wahre Wohlltat und kann bei regelm\u00e4\u00dfiger Anwendung sogar kleine Wunder vollbringen.<\/span><\/div>\n<\/div>\n<p>&nbsp;<\/p>\n<p>&nbsp;<\/p>\n<\/div>\n<\/div>\n","protected":false},"excerpt":{"rendered":"<p>Artikelnummer: FSBS-03-1-PC<br \/>\nF\u00fcllmenge: 300 Gramm<br \/>\nInhaltstoffe: Zucker, Shea-Butter, Parf\u00fcm\u00f6le, Lebensmittelfarbe<\/p>\n<p>Preis inkl. 21% MwSt, ggf. <a href=\"https:\/\/douchesensation.com\/deutsch\/support\/versandkosten\/\">Versandkosten<\/a><\/p>\n<p style=\"text-align: left;\">Lieferzeit: 1-2 Tag(e) (NL, B)<br \/>\n3-7 Tage \u00fcbrige\u00a0Destinationen<\/p>\n<div>\n<div class=\"amp-dc-banner__body\">\n<p>Dieses kleine Wunder mit der Zugabe von Shea-Butter hat eine herrliche, zucker\u00e4hnliche Textur, entfernt abgestorbene Hautzellen und hinterl\u00e4sst eine samtige, gepflegte Haut.<\/p>\n<p><span style=\"font-weight: inherit;\">Der Duft des <\/span><strong>Zucker-K\u00f6rperpeeling Mojito\u00a0<\/strong><span style=\"font-weight: inherit;\"> ist einfach k\u00f6stlich. Ein spritziger Peeling-Cocktail mit Urlaubsfeeling, nach einem anstrengenden Tag.<\/span><\/p>\n<p><strong>Unsere Anwendungs-Tipps f\u00fcr Sie:<\/strong><\/p>\n<ol>\n<li><span style=\"font-weight: inherit;\">Die Haut optimal vorbereiten, damit das Zucker-K\u00f6rperpeeling seine volle Wirkung entfalten kann. Zuerst duschen oder noch besser baden. Hauptporen \u00f6ffnen sich bei warmen Temperaturen und das ist f\u00fcr ein Peeling die ideale Ausgangslage.<\/span><\/li>\n<li>Das Peeling am Besten stehend in der Badewanne oder in der Dusche (ohne laufendes Wasser) anwenden. Einen gro\u00dfe Portion des Peelings auf die feuchte Haut auftragen. In sanften Kreisbewegungen auf Arme, Brust, Bauch, R\u00fccken, Po und Beine einmassieren. Vorsichtig sein bei den F\u00fcssen und im Allgemeinen bei der Anwendung, denn Peelings k\u00f6nnen den Untergrund rutschig machen.<\/li>\n<li><span style=\"font-weight: inherit;\">Nach abgeschlossenem Peeling, alle R\u00fcckst\u00e4nde mit lauwarmem Wasser gr\u00fcndlich abwaschen. Haut sanft trockentupfen, das einzigartige Hautgef\u00fchl <\/span><span style=\"font-weight: inherit;\">genie\u00dfen<\/span><span style=\"font-weight: inherit;\"> und bei Bedarf eine Feuchtigkeitslotion auftragen. Fertig! Unser Peeling kann 1-2 pro Woche angewendet werden und ist f\u00fcr jeden Hauttyp geeignet.<\/span><\/li>\n<li>Das Restprodukt sollte gut verschraubt, an einem k\u00fchlen, trockenen und vor Sonnenlicht gesch\u00fctzten Ort aufbewahrt werden.<\/li>\n<\/ol>\n<\/div>\n<\/div>\n<p><strong>Veganfreundlich \u2013 Tierversuchsfrei \u2013 F\u00fcr alle Hauttypen geeignet \u2013 Handgefertigt\u00a0<\/strong><\/p>\n<p><strong>Zusammensetzung\/CLP:<\/strong> Sucrose,\u00a0Persea Gratissima Oil,\u00a0Prunus Persica Kernel Oil,\u00a0Butyrospermum Parkii Butter,\u00a0Parfum,\u00a0CI 19140,\u00a0Limonene<\/p>\n<p><strong>Bitte seien Sie vorsichtig beim Umgang in Dusche und Badewanne, da unsere Peelings in ein Mehrweg-Glas mit Schraubdeckel eingef\u00fcllt sind.<\/strong><\/p>\n<p>&nbsp;<\/p>\n<p>&nbsp;<\/p>\n","protected":false},"featured_media":2793,"comment_status":"open","ping_status":"closed","template":"","meta":[],"product_brand":[],"product_cat":[25,245,246],"product_tag":[248,255,247,251,252,253,254,250,249],"class_list":{"0":"post-2769","1":"product","2":"type-product","3":"status-publish","4":"has-post-thumbnail","6":"product_cat-aroma","7":"product_cat-peeling","8":"product_cat-peeling-2","9":"product_tag-koerperpeeling","10":"product_tag-mojito","11":"product_tag-peeling","12":"product_tag-peeling-fuer-trockene-haut","13":"product_tag-peeling-mit-duft","14":"product_tag-peeling-mit-shea-butter","15":"product_tag-peeling-mojito","16":"product_tag-veganes-peeling","17":"product_tag-zucker-koerperpeeling","19":"first","20":"instock","21":"featured","22":"taxable","23":"shipping-taxable","24":"purchasable","25":"product-type-simple","26":"czr-hentry"},"_links":{"self":[{"href":"https:\/\/douchesensation.com\/deutsch\/wp-json\/wp\/v2\/product\/2769","targetHints":{"allow":["GET"]}}],"collection":[{"href":"https:\/\/douchesensation.com\/deutsch\/wp-json\/wp\/v2\/product"}],"about":[{"href":"https:\/\/douchesensation.com\/deutsch\/wp-json\/wp\/v2\/types\/product"}],"replies":[{"embeddable":true,"href":"https:\/\/douchesensation.com\/deutsch\/wp-json\/wp\/v2\/comments?post=2769"}],"wp:featuredmedia":[{"embeddable":true,"href":"https:\/\/douchesensation.com\/deutsch\/wp-json\/wp\/v2\/media\/2793"}],"wp:attachment":[{"href":"https:\/\/douchesensation.com\/deutsch\/wp-json\/wp\/v2\/media?parent=2769"}],"wp:term":[{"taxonomy":"product_brand","embeddable":true,"href":"https:\/\/douchesensation.com\/deutsch\/wp-json\/wp\/v2\/product_brand?post=2769"},{"taxonomy":"product_cat","embeddable":true,"href":"https:\/\/douchesensation.com\/deutsch\/wp-json\/wp\/v2\/product_cat?post=2769"},{"taxonomy":"product_tag","embeddable":true,"href":"https:\/\/douchesensation.com\/deutsch\/wp-json\/wp\/v2\/product_tag?post=2769"}],"curies":[{"name":"wp","href":"https:\/\/api.w.org\/{rel}","templated":true}]}}