{"id":62,"date":"2015-01-15T15:40:21","date_gmt":"2015-01-15T15:40:21","guid":{"rendered":"https:\/\/douchesensation.com\/deutsch\/?page_id=62"},"modified":"2017-07-05T21:17:22","modified_gmt":"2017-07-05T19:17:22","slug":"wasserveredelung","status":"publish","type":"page","link":"https:\/\/douchesensation.com\/deutsch\/wasserveredelung\/","title":{"rendered":"Wasserveredelung"},"content":{"rendered":"<h2><strong>Ein Duschkopf mit \u00fcberzeugenden inneren Werten<br \/>\n<\/strong><\/h2>\n<p>Wasserveredelung ist eine neue Form von olfaktorischer Beratung (Riechwahrnehmung), die Aroma Sensation anbietet.<\/p>\n<p>In der Regel liebt es jeder Mensch t\u00e4glich zu Duschen. Wie so etwas Allt\u00e4gliches und in unserer Zeit beinahe schon Banales wieder zum besonderen Erlebnis werden kann, erfahren Sie nachstehend.<\/p>\n<p>Fakt ist, dass uns angenehme D\u00fcfte in wenigen Augenblicken in ein Wohlgef\u00fchl zu versetzen verm\u00f6gen. Der Stress des Alltags f\u00e4llt ab und wir entspannen uns.<\/p>\n<p>Wir bieten Privatpersonen sowie Betreibern von G\u00e4steunterk\u00fcnften ausgew\u00e4hlte Duschk\u00f6pfen an, die mit einem integriertem Aroma Vitamin C Gel Filter das Badezimmer \u00a0im Handumdrehen in ein <strong>Mini-SPA<\/strong>\u00a0verwandeln. Die Wasserveredelung beinhaltet nebst dem herrlichen Duft auch eine Reihe von weiteren Vorz\u00fcgen (z.B. das Weichmachen von Wasser, erh\u00f6hter Wasserdruck bei weniger Wasserverbrauch etc.).<\/p>\n<div id=\"attachment_1715\" style=\"width: 1376px\" class=\"wp-caption aligncenter\"><a href=\"https:\/\/douchesensation.com\/deutsch\/wp-content\/uploads\/sites\/5\/2016\/09\/Relax-SPA-Aroma-Duschkopf.jpg\"><img loading=\"lazy\" decoding=\"async\" aria-describedby=\"caption-attachment-1715\" class=\"wp-image-1715 size-full\" src=\"https:\/\/douchesensation.com\/deutsch\/wp-content\/uploads\/sites\/5\/2016\/09\/Relax-SPA-Aroma-Duschkopf.jpg\" alt=\"Wasserveredelung\" width=\"1366\" height=\"768\" srcset=\"https:\/\/douchesensation.com\/deutsch\/wp-content\/uploads\/sites\/5\/2016\/09\/Relax-SPA-Aroma-Duschkopf.jpg 1366w, https:\/\/douchesensation.com\/deutsch\/wp-content\/uploads\/sites\/5\/2016\/09\/Relax-SPA-Aroma-Duschkopf-300x169.jpg 300w, https:\/\/douchesensation.com\/deutsch\/wp-content\/uploads\/sites\/5\/2016\/09\/Relax-SPA-Aroma-Duschkopf-768x432.jpg 768w, https:\/\/douchesensation.com\/deutsch\/wp-content\/uploads\/sites\/5\/2016\/09\/Relax-SPA-Aroma-Duschkopf-1024x576.jpg 1024w\" sizes=\"auto, (max-width: 1366px) 100vw, 1366px\" \/><\/a><p id=\"caption-attachment-1715\" class=\"wp-caption-text\">Das eigene SPA im Badezimmer. Jeden Tag.<\/p><\/div>\n<p>&nbsp;<\/p>\n<h3><strong>Was sind die Produkt-Vorteile\u00a0auf einen Blick?<\/strong><\/h3>\n<p>Hier wurden mehrfach patentierte Technologien in einem Produkt zusammengef\u00fchrt. Die Aroma\u00a0Duschkopf-Palette (PROFESSIONAL, COMFORT, ROYAL PRESTIGE, \u00a0WALLFIX) vereint\u00a0<strong>6 attraktive\u00a0Vorteile<\/strong>\u00a0in einem einzigen Ger\u00e4t.<\/p>\n<p>1. <strong><span style=\"color: #3366ff;\">Vitamin C Anreicherung:<br \/>\n<\/span><\/strong>\u00a0 \u00a0 Haut und Haare werden befeuchtet, Chlor und Ger\u00fcche neutralisiert, weniger Kalkanschlag<\/p>\n<p>2.\u00a0<strong><span style=\"color: #3366ff;\">Aroma-Effekt:<br \/>\n<\/span><\/strong>\u00a0 \u00a0 die Stimmung hebt sich, der Stress f\u00e4llt ab, Entspannung<\/p>\n<p>3. <strong><span style=\"color: #3366ff;\">Ionisator:<br \/>\n<\/span><\/strong>\u00a0 \u00a0 das Wohlgef\u00fchl steigt, das Wasser wird seidig weich<\/p>\n<p>4. <strong><span style=\"color: #3366ff;\">Filtersysteme (Chlor-Reduktion, Bakterien, Rost\/Schmutz):<br \/>\n<\/span><\/strong>\u00a0 \u00a0 reines, gefiltertes Wasser<\/p>\n<p>5. <strong><span style=\"color: #3366ff;\">Turbo ECO (1.5 x mehr Power bei ~22 % weniger Ressourcenverbrauch):<\/span><br \/>\n<\/strong>\u00a0 \u00a0 mehr Leistung, Geld sparen<\/p>\n<p>6. Passt weltweit auf jeden Duschschlauch, leichte Reinigung, <strong><span style=\"color: #3366ff;\">Ersatzteile<\/span><\/strong> sind separat erh\u00e4ltlich<\/p>\n<p>&nbsp;<\/p>\n<p><strong>Gut zu wissen:<\/strong> Das Produkt hinterl\u00e4sst weder R\u00fcckst\u00e4nde auf dem K\u00f6rper noch an den Armaturen. Der Aromaduft ist ca. \u00a015-20 Minuten nach dem Duschen verflogen und aktiviert sich erst erneut beim n\u00e4chsten Duschvorgang.<\/p>\n<p>Die Anschaffung f\u00fcr so einer Handbrause ist in der Regel eine einmalige Investition, die sich schnell durch den stark verminderten Ressourcenverbrauch (Wasser, Strom\/Gas) zur\u00fcckbezahlt.\u00a0Einzelteile sind ggf. erh\u00e4ltlich,\u00a0sofern dies \u00fcber die Jahre des Gebrauchs erforderlich sein sollte.<\/p>\n<p>&nbsp;<\/p>\n<p>Mehr <span style=\"color: #3366ff;\"><strong><a style=\"color: #3366ff;\" href=\"https:\/\/douchesensation.com\/deutsch\/online-shop-douche-sensation-aroma-dusche-gel-filter\/\">Details<\/a><\/strong><\/span><\/p>\n<p>&nbsp;<\/p>\n<p>&nbsp;<\/p>\n<p>&nbsp;<\/p>\n<p>&nbsp;<\/p>\n<p>&nbsp;<\/p>\n<p>&nbsp;<\/p>\n<p>&nbsp;<\/p>\n<p>&nbsp;<\/p>\n","protected":false},"excerpt":{"rendered":"<p>Ein Duschkopf mit \u00fcberzeugenden inneren Werten Wasserveredelung ist eine neue Form von olfaktorischer Beratung (Riechwahrnehmung), die Aroma Sensation anbietet. In der Regel liebt es jeder Mensch t\u00e4glich zu Duschen. Wie so etwas Allt\u00e4gliches und in unserer Zeit beinahe schon Banales wieder zum besonderen Erlebnis werden kann, erfahren Sie nachstehend. Fakt ist, dass uns angenehme D\u00fcfte [&hellip;]<\/p>\n","protected":false},"author":1,"featured_media":1677,"parent":0,"menu_order":0,"comment_status":"closed","ping_status":"closed","template":"","meta":{"footnotes":""},"class_list":["post-62","page","type-page","status-publish","has-post-thumbnail","czr-hentry"],"_links":{"self":[{"href":"https:\/\/douchesensation.com\/deutsch\/wp-json\/wp\/v2\/pages\/62","targetHints":{"allow":["GET"]}}],"collection":[{"href":"https:\/\/douchesensation.com\/deutsch\/wp-json\/wp\/v2\/pages"}],"about":[{"href":"https:\/\/douchesensation.com\/deutsch\/wp-json\/wp\/v2\/types\/page"}],"author":[{"embeddable":true,"href":"https:\/\/douchesensation.com\/deutsch\/wp-json\/wp\/v2\/users\/1"}],"replies":[{"embeddable":true,"href":"https:\/\/douchesensation.com\/deutsch\/wp-json\/wp\/v2\/comments?post=62"}],"version-history":[{"count":0,"href":"https:\/\/douchesensation.com\/deutsch\/wp-json\/wp\/v2\/pages\/62\/revisions"}],"wp:featuredmedia":[{"embeddable":true,"href":"https:\/\/douchesensation.com\/deutsch\/wp-json\/wp\/v2\/media\/1677"}],"wp:attachment":[{"href":"https:\/\/douchesensation.com\/deutsch\/wp-json\/wp\/v2\/media?parent=62"}],"curies":[{"name":"wp","href":"https:\/\/api.w.org\/{rel}","templated":true}]}}