{"id":109,"date":"2015-01-15T16:42:23","date_gmt":"2015-01-15T16:42:23","guid":{"rendered":"https:\/\/douchesensation.com\/deutsch\/?page_id=109"},"modified":"2019-02-09T10:15:57","modified_gmt":"2019-02-09T09:15:57","slug":"negative-ionen","status":"publish","type":"page","link":"https:\/\/douchesensation.com\/deutsch\/wasser\/negative-ionen\/","title":{"rendered":"Negative Ionen"},"content":{"rendered":"<h2><strong>Duschen wie unter einem Wasserfall<\/strong><\/h2>\n<div id=\"attachment_1009\" style=\"width: 172px\" class=\"wp-caption alignright\"><a href=\"https:\/\/douchesensation.com\/deutsch\/wp-content\/uploads\/sites\/5\/2016\/02\/16d-Ionisatie.png\" rel=\"attachment wp-att-1009\"><img loading=\"lazy\" decoding=\"async\" aria-describedby=\"caption-attachment-1009\" class=\"size-full wp-image-1009\" src=\"https:\/\/douchesensation.com\/deutsch\/wp-content\/uploads\/sites\/5\/2016\/02\/16d-Ionisatie.png\" alt=\"Negative Ionen\" width=\"162\" height=\"167\" \/><\/a><p id=\"caption-attachment-1009\" class=\"wp-caption-text\">Negative Ionen<\/p><\/div>\n<p>&nbsp;<\/p>\n<p>Durch die Dreieckslochplatte\u00a0werden die Wassermolek\u00fcle\u00a0in extrem kleine Teilchen aufgespalten und ca. 421.000 negative Ionen\u00a0\/ ccm\u00b3 Luft,\u00a0gebildet.\u00a0Die dreieckigen L\u00f6cher im Duschkopfsieb (gesch\u00fctzt durch Patentnummer 0562076) erh\u00f6hen den Wasserdruck und lassen dadurch mehr negative Ionen entstehen, als bei einer Duschplatte mit runden L\u00f6chern.<\/p>\n<p>&nbsp;<\/p>\n<h3><\/h3>\n<p>&nbsp;<\/p>\n<h3><strong>Was sind \u00fcberhaupt Negative Ionen oder Positiv Ionen?<\/strong><\/h3>\n<p>&nbsp;<\/p>\n<p><a href=\"https:\/\/douchesensation.com\/deutsch\/wp-content\/uploads\/sites\/5\/2015\/01\/Negative_Ionen-Wasserfall.jpg\"><img loading=\"lazy\" decoding=\"async\" class=\"alignleft wp-image-1275 size-full\" src=\"https:\/\/douchesensation.com\/deutsch\/wp-content\/uploads\/sites\/5\/2015\/01\/Negative_Ionen-Wasserfall.jpg\" alt=\"Negative Ionen\" width=\"400\" height=\"267\" srcset=\"https:\/\/douchesensation.com\/deutsch\/wp-content\/uploads\/sites\/5\/2015\/01\/Negative_Ionen-Wasserfall.jpg 400w, https:\/\/douchesensation.com\/deutsch\/wp-content\/uploads\/sites\/5\/2015\/01\/Negative_Ionen-Wasserfall-300x200.jpg 300w\" sizes=\"auto, (max-width: 400px) 100vw, 400px\" \/><\/a><\/p>\n<p>Dort, wo sich gen\u00fcgend negativ geladene Sauerstoff\u00ad-Molek\u00fcle in der Atemluft befinden, f\u00fchlen sich der Mensch, Tiere und die Pflanzen wohl und sind voller Spannkraft und Wachstum.<\/p>\n<p>In der Natur werden diese Ionen durch kosmische Strahlung und radioaktive Quellen im Boden und in der Luft, durch elektrische Entladungen oder kurzwelliges UV-Licht erzeugt.<\/p>\n<p>Gesund f\u00fcr den Menschen sind so genannte &#8222;leichte&#8220; Luftionen, die in der Regel aus negativ geladenen Sauerstoffmolek\u00fclen bestehen, die sich an Wassertr\u00f6pfchen anlagern k\u00f6nnen und dann besonders hohe Konzentration und damit medizinische Wirksamkeit erlangen. Man spricht in diesem Fall von einem Elektroaerosol.<\/p>\n<p>Die Kraft von negativen Ionen ist unsch\u00e4tzbar.\u00a0 Der Aroma Wellness\u00a0Duschkopf PROFESSIONAL produziert diese\u00a0durch den sogenannten \u201eLenard Effekt\u201c, welcher durch das patentierte Duschsieb, mit seinen au\u00dfergew\u00f6hnlichen, dreieckigen\u00a0L\u00f6cher verursacht wird. Der Effekt basiert vereinfacht gesagt darauf, dass negativ geladene Elektrizit\u00e4t durch den Zusammenprall von Wasserteilchen entsteht. Der <a href=\"https:\/\/douchesensation.com\/deutsch\/produkte\/aroma-duschkopf\/\">Aroma Wellness\u00a0Duschkopf<\/a> bildet bis zu 421,000 pcs\/cc (vergleichbar mit Wasserf\u00e4llen in der Natur). Wissenschaftliche Studien belegen, dass negative Ionen Stress vermindern, den Blutkreislauf anregen, den PH Wert im K\u00f6rper balancieren und das Atmen verbessern k\u00f6nnen.<\/p>\n<p>&nbsp;<\/p>\n<p>&nbsp;<\/p>\n<h3><strong>Gibt es eine ideale Menge an Ionen f\u00fcr den menschlichen K\u00f6rper?<\/strong><\/h3>\n<p><a href=\"https:\/\/douchesensation.com\/deutsch\/wp-content\/uploads\/sites\/5\/2016\/02\/douche-citroen-1-klein.jpg\"><img loading=\"lazy\" decoding=\"async\" class=\"alignright wp-image-1000 size-medium\" src=\"https:\/\/douchesensation.com\/deutsch\/wp-content\/uploads\/sites\/5\/2016\/02\/douche-citroen-1-klein-300x182.jpg\" alt=\"\" width=\"300\" height=\"182\" srcset=\"https:\/\/douchesensation.com\/deutsch\/wp-content\/uploads\/sites\/5\/2016\/02\/douche-citroen-1-klein-300x182.jpg 300w, https:\/\/douchesensation.com\/deutsch\/wp-content\/uploads\/sites\/5\/2016\/02\/douche-citroen-1-klein-768x465.jpg 768w, https:\/\/douchesensation.com\/deutsch\/wp-content\/uploads\/sites\/5\/2016\/02\/douche-citroen-1-klein-1024x620.jpg 1024w, https:\/\/douchesensation.com\/deutsch\/wp-content\/uploads\/sites\/5\/2016\/02\/douche-citroen-1-klein.jpg 1500w\" sizes=\"auto, (max-width: 300px) 100vw, 300px\" \/><\/a>Breitangelegt Studien an hunderttausenden von Personen im asiatischen Raum unterst\u00fctzen die Aussage, dass eine Zufuhr an gro\u00dfen Mengen negativen Ionen eine starke Wirkung auf zahlreiche Prozesse des Organismus hat. Unter anderem z\u00e4hlt dazu das langzeitige Einatmen von Luft mit negativen Ionen und damit verbunden das Anregen von K\u00f6rperzellen, Sauerstoff noch besser zu verwerten.<\/p>\n<p>Dieser Effekt k\u00f6nnte\u00a0bei einer t\u00e4glichen Dusche unter einem Wasserfall oder eben auch beim t\u00e4glichen Duschen mit einem\u00a0Aroma Wellness-Duschkopf\u00a0Professional\u00a0eintreten.<\/p>\n<p>Interessant ist, dass ca. 85 % der Ionen nicht alleine \u00fcber die Atmungsorgane, sondern vor allem \u00fcber die Haut aufgenommen werden.<\/p>\n<p>Durch das Duschen mit Aroma k\u00f6nnen deshalb gleich mehrere Vorteile abgedeckt werden. Dank des patentierten Duschkopfsiebs mit den Dreiecksperforierungen, wird das Duschwasser in winzige Wassertr\u00f6pfchen\u00a0zerlegt, was einen feinen Wassernebel und wie oben bereits erw\u00e4hnt das Entstehen von 421,000pcs\/ccm3 negative Ionen bewirkt.<\/p>\n<p>Die Haut nimmt beim Duschen negative Ionen durch die Luft\u00a0sowie durch die Poren\u00a0auf. Im Blutstrom beschleunigen die negativen Ionen die Bef\u00f6rderung von Sauerstoff in die Zellen und Gewebe. Dies st\u00e4rkt die Abwehrkr\u00e4fte des K\u00f6rpers.<\/p>\n<p>Die Aroma Wellness Dusche Professional\u00a0tr\u00e4gt dazu bei, das luftelektrische Ionenfeld zu harmonisieren, was sich langfristig auf das Wohlbefinden auswirkt.<\/p>\n<p><strong>Gute Gr\u00fcnde also, um noch heute eine <\/strong><a title=\"Wellness Dusche\" href=\"https:\/\/douchesensation.com\/deutsch\/online-shop-douche-sensation-aroma-dusche-gel-filter\/\"><strong>Aroma <\/strong><strong>Wellness-Dusche<\/strong><\/a><strong>\u00a0im Badezimmer zu installieren, oder?<\/strong><\/p>\n<p><strong>\u00a0<\/strong><\/p>\n<p><strong>M\u00f6chten Sie uns <\/strong><a title=\"Kontakt\" href=\"https:\/\/douchesensation.com\/deutsch\/support\/kontakt\/\"><strong>kontaktieren<\/strong><\/a><strong> und mehr dar\u00fcber erfahren? Wir beraten Sie gerne pers\u00f6nliche.<\/strong><\/p>\n","protected":false},"excerpt":{"rendered":"<p>Duschen wie unter einem Wasserfall &nbsp; Durch die Dreieckslochplatte\u00a0werden die Wassermolek\u00fcle\u00a0in extrem kleine Teilchen aufgespalten und ca. 421.000 negative Ionen\u00a0\/ ccm\u00b3 Luft,\u00a0gebildet.\u00a0Die dreieckigen L\u00f6cher im Duschkopfsieb (gesch\u00fctzt durch Patentnummer 0562076) erh\u00f6hen den Wasserdruck und lassen dadurch mehr negative Ionen entstehen, als bei einer Duschplatte mit runden L\u00f6chern. &nbsp; &nbsp; Was sind \u00fcberhaupt Negative Ionen oder [&hellip;]<\/p>\n","protected":false},"author":1,"featured_media":0,"parent":1647,"menu_order":0,"comment_status":"closed","ping_status":"closed","template":"","meta":{"footnotes":""},"class_list":["post-109","page","type-page","status-publish","czr-hentry"],"_links":{"self":[{"href":"https:\/\/douchesensation.com\/deutsch\/wp-json\/wp\/v2\/pages\/109","targetHints":{"allow":["GET"]}}],"collection":[{"href":"https:\/\/douchesensation.com\/deutsch\/wp-json\/wp\/v2\/pages"}],"about":[{"href":"https:\/\/douchesensation.com\/deutsch\/wp-json\/wp\/v2\/types\/page"}],"author":[{"embeddable":true,"href":"https:\/\/douchesensation.com\/deutsch\/wp-json\/wp\/v2\/users\/1"}],"replies":[{"embeddable":true,"href":"https:\/\/douchesensation.com\/deutsch\/wp-json\/wp\/v2\/comments?post=109"}],"version-history":[{"count":0,"href":"https:\/\/douchesensation.com\/deutsch\/wp-json\/wp\/v2\/pages\/109\/revisions"}],"up":[{"embeddable":true,"href":"https:\/\/douchesensation.com\/deutsch\/wp-json\/wp\/v2\/pages\/1647"}],"wp:attachment":[{"href":"https:\/\/douchesensation.com\/deutsch\/wp-json\/wp\/v2\/media?parent=109"}],"curies":[{"name":"wp","href":"https:\/\/api.w.org\/{rel}","templated":true}]}}